)/(-20) + 3/q?
7
Let v(l) = 3*l**2 - 52*l - 3 - 22 - 3. What is the units digit of v(25)?
7
Let i(h) = 27*h**2 - 587*h + 126. What is the thousands digit of i(33)?
0
Let f be (-13)/((-3)/(-718)*16/(-48)). Suppose -8*x + f = 1950. Suppose -s - x = -14*s. What is the units digit of s?
1
Suppose -6*c + 30 = -24. Suppose 7*l - c*l = -12. What is the units digit of ((18 - -1)*-2)/((-3)/l)?
6
Let g = -4 - 10. Let t = 12 - 16. What is the tens digit of t/g - (-2780)/70?
4
Suppose -1675038 + 562836 = -91*z. What is the ten thousands digit of z?
1
Let y(p) = p**2 + 4*p - 3. Let l be y(-5). Suppose -650 = -14*x + 3924 + 242. Suppose -l*k - 64 = -x. What is the units digit of k?
0
Let o(b) = b**2 - 6*b - 13. Let j be o(4). Let z(p) = 5*p - 15. Let w be z(j). What is the hundreds digit of 3 - ((-4 - -5) + w)?
1
Let b(r) = r**3 + 2*r**2 + r + 5. Let p be b(-5). Let f = 83 + p. What is the hundreds digit of (-6 - -167) + f/6*-3?
1
Suppose 0 = -2*j - 3*m - 2057, -12*j - 5*m - 3087 = -9*j. Let s = j + 1876. What is the tens digit of s?
5
Let u be 1*-4*10/(-8). Let v be -5*((-1 - -1) + u + -4). Let j(q) = q**3 + 9*q**2 - 7*q - 6. What is the units digit of j(v)?
9
Let t(z) = -3*z + 51. Let o be t(11). Suppose o*d = 7812 + 2160. What is the hundreds digit of d?
5
Let c(j) = -3*j + 4. Let z be c(0). Suppose -z*u - u = 0. Suppose -5*n + 4*o + 29 = 0, u*n - 2*n + 2*o = -12. What is the units digit of n?
5
Let y(q) = -5*q - 13. Let x be y(7). Let c = x - 68. Let h = -34 - c. What is the tens digit of h?
8
Suppose 131*u = 126*u + 2*y + 13685, 5*u - 13700 = -y. Suppose -u - 3733 = -8*k. What is the hundreds digit of k?
8
Suppose -y = -0*k + 2*k - 485, -3*y + 973 = 4*k. Let w be k/1 + -5 + (-8)/(-4). Suppose 5*q - w = 442. What is the units digit of q?
6
Let f = 24878 + 33027. What is the hundreds digit of f?
9
Suppose 2*f - 19 = -b, -4*b + 9*f - 14*f + 61 = 0. Let t(x) = 9*x**2 - 66*x + 6. What is the tens digit of t(b)?
4
Suppose 333594 = 429*p - 6229651 + 175006. What is the ten thousands digit of p?
1
Let s(h) = -2*h + 10. Let j be s(6). Let x be 2/10 + j/10. Suppose x = 24*r - 29*r + 1100. What is the tens digit of r?
2
Let q = 55 + -36. Suppose -q*i = -5*i - 1232. What is the units digit of i?
8
Suppose 5*s - 7*s + 40422 = 2*x, 6*x = 5*s + 121244. What is the hundreds digit of x?
2
Let y be 0 + -191 - (2 + -4) - -1. Let p = y + 361. What is the tens digit of p?
7
Let j = -41 - -45. Suppose 24 = 5*o - v - 0*v, -5*v = 4*o + j. Suppose 2*w - w - o*h = 30, w + 3*h = -5. What is the units digit of w?
0
Suppose 2*i + 64 - 164 = 0. Let d be (6/5)/((-15)/i) + 2. What is the tens digit of (d + 3 + -22)*(-182)/21?
8
Let r(n) = -3*n**2 + 492. Let c(x) = 2*x**2 - 2*x + 1. Let d(o) = 3*c(o) + r(o). What is the units digit of d(0)?
5
Suppose 124*b = 161*b - 169349. What is the units digit of b?
7
What is the tens digit of (6492/(-5410))/(-1 - 96434/(-96440))?
8
Suppose 0 = 53*t + 13737 + 1421. What is the tens digit of t/(6*(-3)/9)?
4
What is the hundreds digit of (-6113 + 0)/((117/195)/((-27)/9))?
5
Let l = 111 + -85. What is the hundreds digit of 3/(6/515) - 39/l?
2
Let v be 2/(((-12)/156)/((-17)/2)). Let o = v + 961. What is the thousands digit of o?
1
Suppose k - 3*n = -1381, -14*k + 17*k - 4*n = -4153. Let d = -388 - k. What is the hundreds digit of d?
9
What is the thousands digit of -24710*(396/42 + -10)?
4
What is the hundreds digit of -3*(-2 - (1386 + 11))?
1
Suppose -y = 25 - 20, -2*p + 8*y + 14076 = 0. What is the hundreds digit of p?
0
Suppose -5*p + 4*i - 5*i = -109, 0 = p + i - 21. Suppose -p*l - 11*l + 6171 = 0. What is the units digit of l?
7
What is the hundreds digit of 34/187 + 244/(-33)*-30?
2
Let x = 9529 - -24714. What is the tens digit of x?
4
Let q(o) = 2*o**2 + 44*o + 42. Let a be q(-21). Suppose 3*y - 2*y - 121 = a. What is the tens digit of y?
2
Suppose -4*j + 2*j = -18. Let h be ((-12)/j)/(4/342). Let n = h - -159. What is the tens digit of n?
4
Suppose 0 = 3*d - 17 - 10. Let k(z) = -22*z**2 - 1 - 5*z**3 - 2*z**2 - 32*z + 4*z**3 - d. What is the units digit of k(-23)?
7
Suppose -4*a + 31*y = -13955, -y = -4*y - 3. What is the thousands digit of a?
3
Let y(t) = t**2 + 16*t - 33. Suppose -4*d + 6*d + 3*s = 11, 5*d - 40 = 5*s. Let u(k) = -4*k + 6. Let w be u(d). What is the units digit of y(w)?
9
Let r be (-4 + 197)/(2/(5 + -3)). Suppose 434 = 11*z - r. What is the units digit of z?
7
Suppose 0*v = 3*v. Suppose 98*j - 118*j + 80 = 0. Suppose 2*r - 164 = -2*t, v = 3*t - j*r - r - 246. What is the units digit of t?
2
Suppose 12*d - 79371 + 28548 = 88521. What is the tens digit of d?
1
Let j(h) = -h**3 - 8*h**2 + 9*h + 13. Let d be j(-9). Suppose d*f = 1012 + 288. Suppose 0 = -u + 5*u - f. What is the units digit of u?
5
Let s be ((-1)/(-2))/((-2)/(-36)). Let m = -49 - 595. What is the units digit of s/15 + m/(-10)?
5
Let c be (-3 - (1 + -5))/(4/3708). Suppose 8*x = 3489 + c. What is the units digit of x?
2
Let w(k) = -k**3 + 10*k**2 + 9*k + 13. Let y be w(11). Let d = y - -29. What is the tens digit of (-2)/(d/75)*12/(-2)?
4
Let g = -17 - -19. Suppose g*z = 231 + 389. Let x = z + -185. What is the units digit of x?
5
Suppose -o + 153 = -83*z + 88*z, 5*o - 2*z - 738 = 0. Suppose -3*p + 2*l - 245 = 0, -156 = p + p - 5*l. Let v = o + p. What is the tens digit of v?
6
Let f(a) = 26*a**2 - 3*a - 3. Let l be f(5). Suppose z = -5*i + 1417, 4*i = -z + l + 501. What is the hundreds digit of i?
2
Let p(c) = 439*c**2 - 10*c - 447*c**2 + 4*c. Let y be p(-5). Let x = y - -242. What is the tens digit of x?
7
What is the ten thousands digit of (45 - 9)/(-9) + 105801/(-3)*-1?
3
Suppose -4*p + 49*n - 45*n + 114704 = 0, -n + 28662 = p. What is the units digit of p?
9
Let s(o) = 65*o**2 - 105*o + 988. What is the tens digit of s(10)?
3
Let f(x) = 265*x + 716. What is the units digit of f(30)?
6
Let m(j) = -7*j + 1. Let z be m(1). Let b(f) = -26*f - 24*f - 8 - 6 + 6 + 8*f. What is the hundreds digit of b(z)?
2
Let c be 820/11 + (-6)/11. Suppose -c*s + 1450 = -72*s. What is the tens digit of s?
2
Let n(v) = 543*v - 3559. What is the tens digit of n(11)?
1
Let r = 3359 + 29021. What is the ten thousands digit of r?
3
Let q(i) = 133*i - 29. Suppose 7*g - 5*g = -4. Let k be g/(-1) + 0*5/(-30). What is the units digit of q(k)?
7
Let w(h) = h**2 - 6*h + 18. Let p be w(4). Suppose -p*q = -52 - 3288. What is the units digit of q?
4
Let m be 58/15 + (-44)/(-330). Suppose d = m*q - 10, -3*q + 0 + 1 = -4*d. What is the tens digit of (-101 - (d + 1))*-1?
0
Suppose 0 = 3*a + l - 1753, -3*l + 1282 - 4213 = -5*a. Let o = 151 + a. What is the units digit of o?
6
Let g = -31 + 33. Let h be (0 + 1)/(1/g). Let j(q) = 6*q**3 - q**2 + 4*q - 3. What is the tens digit of j(h)?
4
Suppose 158088 - 17070 = 5*k + 3*i, 0 = i - 1. Suppose -23*l = 28*l - k. What is the units digit of l?
3
Suppose 0 = -323*s + 344*s - 174573. What is the tens digit of s?
1
Let d = -173 + 175. Suppose 5*m - 993 = d*m. What is the tens digit of m?
3
Let t(j) = -j**3 - 11*j**2 + 2*j - 26. Let g = 71 - 61. Suppose g*o + 149 = 29. What is the units digit of t(o)?
4
Let n(u) = 2*u**3 + 4*u**2 + u + 1. Let s be n(3). Let l = 99 - s. Suppose -4*f + 788 = l*i, -5*f + i - 319 = -1333. What is the hundreds digit of f?
2
Let p(k) = -16*k**3 + 26*k**2 + 5*k - 4. Let s be p(-5). Let d = s + -1852. What is the tens digit of d?
6
Let f be ((0/4 - 0)/(-2))/(-2). What is the hundreds digit of 8 + 393 + (f - 2)?
3
Suppose o = 3*o + 38. Let v = o - -8. What is the units digit of (-2)/(-1)*(12 + v)?
2
Let w = -1843 - -2547. Let o(t) = -t. Let k be o(-3). What is the units digit of w/24*(k*-2)/(-2)?
8
Let g be (1 - 3/9)/(2/(-9)). Let m(j) = 11*j**2 + 4*j + 2. Let k be m(g). Suppose 2*x = k + 87. What is the units digit of x?
8
Suppose 0 = -11*i + 6*i + 30. Let z be ((-573)/9 - 4) + 4/i. Let o = 193 + z. What is the units digit of o?
6
Let m be 0*7/49 + (-172)/(-2). Let d = m - 84. Suppose 0 = -4*g + d*c - c + 555, -429 = -3*g + 5*c. What is the units digit of g?
8
Let m(g) = 729*g + 3351. What is the ten thousands digit of m(77)?
5
Suppose -2*r - 3*k = -21, 0 = 2*r + 3*k + 2*k - 31. Suppose -r*a + 135 = -591. What is the hundreds digit of a?
2
Let d(o) = 10*o**3 - 2*o**2 + 3*o. Let t be (-13)/(-3) - (-28)/42. What is the thousands digit